What is the value of (208 - 210) + -2 + (-3 - -10)?
3
Evaluate (13 + 1 - 2) + (71 - 61).
22
(8 + 9 - (10 - 5)) + -2 - 14
-4
What is -16 + 58 + -31 - (4 + 1 + 2)?
4
What is the value of (-11 + -3 - (3 + -16)) + -4 + -2?
-7
Evaluate -17 + 14 + 0 + (9 - -6).
12
Calculate -24 + -6 + (-26 - -83).
27
Calculate 0 + -13 + -49 + 58.
-4
22 - (45 + 19 + -24)
-18
Calculate -3 + -3 + 7 - (-63 - -72).
-8
-10 + (-6 - (11 + -4 - 10 - 11))
-2
What is (-26 - -21) + (-8 - -5) + -6?
-14
6 + (23 + -11 - 17 - (-6 + -1))
8
Evaluate 9 + (13 - -16) + -10.
28
What is -19 + (58 - (-1 - -15))?
25
What is (0 - 5) + (9 + 0 - (31 - 12))?
-15
1 - (-14 + -9 + 6)
18
What is the value of -28 + 1 - (-11 + 6 - (-15 - -16))?
-21
Evaluate -18 + 0 + (-126 - -130) + 4.
-10
Evaluate 31 + 12 - (116 - 78).
5
Calculate (-1 + 3 + -10 + 14 - 8) + 1.
-1
What is 47 + -28 + (-1 + -5 - -4) + -6?
11
(18 - 3) + 4 + -10 + 2
11
Calculate 2 + -3 - -5 - 13 - 6.
-15
(-944 - -939) + 9 + 0 + 1 - 0
5
Calculate 9 - 3 - (5 + (2 - 2) + 3).
-2
0 + (5 - (6 + 1)) + 12 - -3
13
What is the value of -11 + 2 + (5 - -2) + -2?
-4
What is (-160 - -163) + (1 - 9) - (2 + -2)?
-5
1 + -3 - (14 - 15)
-1
What is (3 - (4 + -7)) + 14 + -10?
10
Evaluate 2 - (-8 - (-6 - (2 - 6))).
8
Evaluate 28 + 3 + -43 + 41.
29
What is -40 - -33 - (5 - 5)?
-7
9 - (2 + 10 + (-3 - 4) + -1)
5
Calculate 99 + -52 - (8 - -11).
28
Calculate -1 + 21 - (-353 - -362).
11
-23 + -16 + 24 + 34
19
Calculate (19 - (-3 - -45)) + 18.
-5
What is the value of (22 - (14 - 1)) + 1 + (-2 - -3)?
11
Calculate 7 + 8 + -2 + (-16 - -7).
4
Evaluate -1602 + 1613 + 0 + 1 + -1.
11
(-4 - -7) + (14 - 12) - -1
6
What is -9 + (-1 + 2 - -10) + -10?
-8
1 - (7 - 2) - (207 - 202)
-9
Calculate 0 - (2 + (14 - 9)) - (1 - -8).
-16
What is -1 + -1 + (-12 - -28) + (2 - 13)?
3
14 - (30 + (0 - 4))
-12
Evaluate 9 - (-12 - (-47 - -13)).
-13
What is -19 + -21 + 30 + 23?
13
What is 19 + -10 - ((-3 - 7 - -5) + 3)?
11
Calculate -1 - (-7 + (0 - (9 + -8))).
7
What is the value of -52 + 40 + 38 + -23?
3
Evaluate -2 - -2 - (-8 + -2 + 19 + -10).
1
Calculate 21 + (-11 - (17 + -22)).
15
Calculate 18 - (-6 - (5 + -31)).
-2
15 + -32 - 5 - -7 - -49
34
What is -3 + 0 + 5 - (11 + -8 + -1)?
0
Calculate 2 + (-5 - (6 + -3)) + -8.
-14
What is the value of -2 + (2 - (-1 + 4)) + 53 + -55?
-5
What is the value of (-9 + 1 - (3 - 4)) + 5?
-2
Calculate (18 - 20 - (12 + -3)) + (0 - 4).
-15
364 - 354 - (1 + 13)
-4
What is 19 + (-25 - -16) - 9?
1
What is -3 - 0 - 4 - (-3 - (0 + -4))?
-8
What is the value of -46 - (24 + -11 - 29)?
-30
What is -10 - (1 - -16) - 4?
-31
What is the value of (-9 - -6) + (6 - -1)?
4
What is -6 + (31 + -37 - -11 - (0 + -4))?
3
(-10 - (26 + -14)) + (5 - -1)
-16
Calculate 2 - (-25 - -1) - (-571 + 572).
25
What is the value of 1 + -3 + (6 + -9 - -6) + -3?
-2
-16 + (-6 + 19 - -7)
4
Calculate 1628 + -1628 + 18 + 3 + -5.
16
Calculate 18 + (0 - 5) + -13.
0
What is the value of -9 + 25 + -8 + -8 + (0 - 27)?
-27
Calculate (-5 + -15 - (8 + -19)) + -6.
-15
What is (-4 - 18) + 59 + -16?
21
What is the value of -1093 + 1030 - (-1 - 44)?
-18
(-22 + 24 - 4) + 17
15
-17 - (-3 + -17 + 6 - -11)
-14
-9 + (-5 - (-5 + 0 - (63 + -56)))
-2
-2 + 18 + (468 - 475)
9
5 + (10 - (9 + -9 + 7))
8
Evaluate (-1 + -2 - 5) + (16 - 11 - -8).
5
What is the value of -1 + (-1 - 3) + -1 + (-703 - -715)?
6
What is the value of 1 + (-11 - -12) + -6?
-4
5 + 7 + 2 + -8 + -12 + 0
-6
-3 - ((3 - 2) + -10 - (125 + -156))
-25
Calculate -414 + 404 + (6 - 0).
-4
-9 + -2 + 11 + -4 + -3
-7
What is the value of (-13 - -5 - -27) + 7 + -10?
16
What is 15 + (-19 - -6) - -3?
5
What is the value of -5 - (-17 - -10 - (9 + 3 - -5))?
19
Calculate -6 + -3 + (0 - -8) + 3.
2
(-2 - 1) + -3 + -1
-7
Evaluate -4 - (21 - (5 - (-15 - -3))).
-8
What is the value of (16 - 28) + 9 - -15?
12
What is -1 + (-9 - 1) + 2?
-9
Calculate (0 + -17 - 5) + 37.
15
What is the value of -8 + -1 - (-58 - (-22 - 29))?
-2
Evaluate -11 + 11 + (0 - -12).
12
Evaluate (14 - (1 - -42)) + 42.
13
Evaluate -3 + 2 + -2 - -5 - (3 + -8).
7
Evaluate 0 + 1 - (-3 + -5 - (-5 + 3)).
7
Calculate (32 - 29) + (-1 - 5) - (-21 - 13).
31
Evaluate -13 - (-23 + 4 + 11 + -8).
3
Evaluate (-2 - -2) + -2 + -3 + -4 + 17.
8
Evaluate (0 + 10 - 3) + (-1 - 1 - -1).
6
(-2 - 39) + (-1 - 10 - (-107 - -88))
-33
-12 + (-8 - (-7 + 2))
-15
Evaluate 33 + (18 - 6) + -23.
22
Calculate -14 + (-17 + 5 + -1 - -36).
9
What is 8 - -2 - (16 - (-6 + 1))?
-11
What is the value of 47 + -70 + -1 + 9 + 9?
-6
What is the value of -8 - (21 - 18 - 17)?
6
Evaluate (-2 - (1 + -10)) + 662 + -680.
-11
Evaluate 64 - (28 - -37) - (-1 + (1 - 10)).
9
What is the value of -12 - (-1 - 3) - (9 - 20) - 7?
-4
What is (-31 - -33) + -6 + 10?
6
13 + (0 - (-2 + 2)) + (-13 - -15)
15
-182 - -176 - (25 - (0 + -5))
-36
What is the value of (27 - (11 - -15)) + (-7 - 0)?
-6
What is the value of -11 - ((5 - 18) + -9)?
11
-20 - (-15 + 14 - (5 + -1))
-15
Calculate (5 - (5 - (3 + -2))) + -8.
-7
Evaluate 17 + -20 + -7 + -2 + 14.
2
What is 19 + -5 + -8 + 1 - 18?
-11
Calculate -19 + -15 + 20 + (5 - 16).
-25
-11 + -14 + (0 - -10) + -10
-25
What is the value of -7 - -27 - 14 - -5?
11
What is the value of (-3 - 5) + -1 + 3 + 0?
-6
What is the value of 22 + 15 + -26 + -16 - 0?
-5
What is the value of 4 + 3 + -14 + 2 + 11?
6
-13 + 4 + (61 - 63) - -12
1
What is 0 + (6 + -14 - -4)?
-4
Calculate -5 - (-1 - (7 - 14)) - (-6 - -4).
-9
What is 7 + -1 + 12 + -13 + 2?
7
Calculate (28 - -1) + (-20 - (-21 - -15) - -18).
33
Evaluate -18 + (26 - -6 - 14).
0
Calculate -7 + 7 - -6 - (-8 - -5 - 0).
9
Evaluate 115 + -100 + (-10 - 0) - (1 - -3).
1
Evaluate -64 + 26 + -12 + 22.
-28
Evaluate (5 - (5 - (5 + -6))) + 12.
11
Evaluate 2 + -4 + -3 + 1 - (1408 + -1402).
-10
Calculate -19 + 25 - (-5 - -11).
0
What is -3 - 0 - (-30 + -1 - -10 - -4)?
14
Calculate (116 - (-26 + 171)) + (0 + 12 - 0).
-17
What is the value of 13 + -3 + -4 - (3 - 8)?
11
(2 - -11) + 19 - 16
16
What is 2 + -11 + -20 + (49 - 21) + -16?
-17
What is the value of 6 - (10 - 0) - -3 - 20?
-21
-36 - -49 - (15 - -2)
-4
What is the value of -5 + -1 + 0 - (0 - (31 - 21))?
4
9 + (-57 - (-9 + -5)) + (5 - -1)
-28
-18 + 21 + 1 + -10
-6
What is the value of -21 + 7 - (25 + -25)?
-14
What is -1 + -5 + -5 + (-15 - -25)?
-1
Calculate (-6 - (1 + (-10 - -10))) + 1.
-6
Evaluate 20 - (3 + 13) - (3 + 0).
1
Evaluate 4 + -15 + 2 + (4 - (17 + -4)).
-18
What is 1 + 11 + -8 + 4 + 3?
11
Calculate 8 + -16 + 2 - -5.
-1
Calculate -12 + 1 + -1 + 9 - -6.
3
Evaluate ((2 - 1) + 2 - -4) + (2 - 17).
-8
What is -9 - (6 - 4 - (0 + -4 + 6))?
-9
Calculate -306 + 312 + 13 + 0 - -14.
33
8 - 0 - (-351 - -385)
-26
What is (-16 - -7 - 5) + (19 - -9)?
14
Evaluate (-1 - -2 - -3) + -20 + 21 + -10.
-5
Evaluate 13 - -2 - (62 + -98 - -83).
-32
What is 13 + -19 - (5 + -16) - -1?
6
-19 + 9 + (1 - -16) + -23
-16
Evaluate (-6 - -6 - -3) + -2 + 21 + 0.
22
What is (-63 - -39) + 66 - 70?
-28
What is 26 + (-4 - 23) + -10?
-11
Calculate 1 - -32 - (8 + 19 - 16).
22
What is the value of (-19 - -8) + 5 + 2?
-4
Evaluate -1 + 0 - (2 + -1) - (-63 - -56).
5
What is the value of 61 + -44 + (-1 - 2)?
14
4 + -15 - (-3 - 25 - 0)
17
Evaluate -31 + (1 - 7 - -10) + 1.
-26
4 + -1 - (-22 + 15 + -21 + 43)
-12
What is the value of (11 - -3) + -5 - (-3 + (23 - -3))?
-14
What is -3 + 14 + -5 + -2 + -12?
-8
-16 + 11 + 5 + -8
-8
Evaluate -11 + -3 + (19 - 20).
-15
What is the value of -17 - (23 + -27 - (1 + -2 - 1))?
-15
What is 15 + (-9 - (-4 + -6 + 3))?
13
What is 6 + -1 + 1 - ((2 - -22) + -15)?
-3
Calculate -35 + (-28 - -37) + 43.
17
What is (1 - (5 + -10 + 12)) + 28?
22
What is -2 + -1 + -11 + 53 + -62 - -2?
-21
What is 11 - (15 + (38 - 17))?
-25
Evaluate (-14 - (0 + -14)) + 16.
16
Evaluate (2 - (-9 - 6)) + 15.
32
What is 9 + 0 - (17 + -7)?
-1
What is -2 - 20 - (2 + -36 - -26)?
-14
11 + -13 + 1 + 2 + 4
5
(28 + -13 - 14) + -12
-11
Calculate (2 - (-4 + -2)) + -4 + -2.
2
What is the value of -3 + -8 + (-8 - (6 + -3 - 8))?
-14
What is -818 + 830 - ((-3 - -2) + 2)?
11
Calculate 2 + 8 + -4 + -17.
-11
Evaluate 1604 + -1552 - (-1 + 29).
24
18 + 6 + -142 + 150 + (-12 - -1)
21
Calculate -9 + 0 - (3 + -1 - -1).
-12
What is 4 + (-16 - -9) - ((8 - 1) + -2)?
-8
Calculate 17 - (-7 - (-6 + (-4 + 4 - -2))).
20
Calculate 23 + -4 + -66 - -31.
-16
(-3 - -4) + 10 + (131 - 139)
3
Calculate -1 - -30 - (-752 + 766).
15
